[INFO] fetching crate actix-web-cute-codegen 0.1.0...
[INFO] checking actix-web-cute-codegen-0.1.0 against master#cfbc6d4cf1acbac5c025acf8ed68929caa551df3 for pr-75494-beta
[INFO] extracting crate actix-web-cute-codegen 0.1.0 into /workspace/builds/worker-13/source
[INFO] validating manifest of crates.io crate actix-web-cute-codegen 0.1.0 on toolchain cfbc6d4cf1acbac5c025acf8ed68929caa551df3
[INFO] running `Command { std: "/workspace/cargo-home/bin/cargo" "+cfbc6d4cf1acbac5c025acf8ed68929caa551df3" "read-manifest" "--manifest-path" "Cargo.toml", kill_on_drop: false }`
[INFO] started tweaking crates.io crate actix-web-cute-codegen 0.1.0
[INFO] finished tweaking crates.io crate actix-web-cute-codegen 0.1.0
[INFO] tweaked toml for crates.io crate actix-web-cute-codegen 0.1.0 written to /workspace/builds/worker-13/source/Cargo.toml
[INFO] running `Command { std: "/workspace/cargo-home/bin/cargo" "+cfbc6d4cf1acbac5c025acf8ed68929caa551df3" "generate-lockfile" "--manifest-path" "Cargo.toml" "-Zno-index-update", kill_on_drop: false }`
[INFO] running `Command { std: "/workspace/cargo-home/bin/cargo" "+cfbc6d4cf1acbac5c025acf8ed68929caa551df3" "fetch" "--locked" "--manifest-path" "Cargo.toml", kill_on_drop: false }`
[INFO] [stderr]  Downloading crates ...
[INFO] [stderr]   Downloaded actix-service v0.3.6
[INFO] [stderr]   Downloaded hashbrown v0.2.2
[INFO] [stderr]   Downloaded actix-http-test v0.1.1
[INFO] [stderr]   Downloaded actix-utils v0.3.5
[INFO] [stderr]   Downloaded actix-connect v0.1.5
[INFO] [stderr]   Downloaded actix-server v0.4.3
[INFO] [stderr]   Downloaded awc v0.1.1
[INFO] [stderr]   Downloaded actix-http v0.1.5
[INFO] running `Command { std: "docker" "create" "-v" "/var/lib/crater-agent-workspace/builds/worker-13/target:/opt/rustwide/target:rw,Z" "-v" "/var/lib/crater-agent-workspace/builds/worker-13/source:/opt/rustwide/workdir:ro,Z" "-v" "/var/lib/crater-agent-workspace/cargo-home:/opt/rustwide/cargo-home:ro,Z" "-v" "/var/lib/crater-agent-workspace/rustup-home:/opt/rustwide/rustup-home:ro,Z" "-e" "SOURCE_DIR=/opt/rustwide/workdir" "-e" "CARGO_TARGET_DIR=/opt/rustwide/target" "-e" "CARGO_HOME=/opt/rustwide/cargo-home" "-e" "RUSTUP_HOME=/opt/rustwide/rustup-home" "-w" "/opt/rustwide/workdir" "-m" "1610612736" "--user" "0:0" "--network" "none" "rustops/crates-build-env@sha256:a636fd89d022f18117e1dc8fb37a0a009933cdbbe082814857f0e2024962d47c" "/opt/rustwide/cargo-home/bin/cargo" "+cfbc6d4cf1acbac5c025acf8ed68929caa551df3" "metadata" "--no-deps" "--format-version=1", kill_on_drop: false }`
[INFO] [stderr] WARNING: Your kernel does not support swap limit capabilities or the cgroup is not mounted. Memory limited without swap.
[INFO] [stdout] 194cbf62c590614f338aee613eaf80b38968e51f0bc83b774d403389bb3613d0
[INFO] running `Command { std: "docker" "start" "-a" "194cbf62c590614f338aee613eaf80b38968e51f0bc83b774d403389bb3613d0", kill_on_drop: false }`
[INFO] running `Command { std: "docker" "inspect" "194cbf62c590614f338aee613eaf80b38968e51f0bc83b774d403389bb3613d0", kill_on_drop: false }`
[INFO] running `Command { std: "docker" "rm" "-f" "194cbf62c590614f338aee613eaf80b38968e51f0bc83b774d403389bb3613d0", kill_on_drop: false }`
[INFO] [stdout] 194cbf62c590614f338aee613eaf80b38968e51f0bc83b774d403389bb3613d0
[INFO] running `Command { std: "docker" "create" "-v" "/var/lib/crater-agent-workspace/builds/worker-13/target:/opt/rustwide/target:rw,Z" "-v" "/var/lib/crater-agent-workspace/builds/worker-13/source:/opt/rustwide/workdir:ro,Z" "-v" "/var/lib/crater-agent-workspace/cargo-home:/opt/rustwide/cargo-home:ro,Z" "-v" "/var/lib/crater-agent-workspace/rustup-home:/opt/rustwide/rustup-home:ro,Z" "-e" "SOURCE_DIR=/opt/rustwide/workdir" "-e" "CARGO_TARGET_DIR=/opt/rustwide/target" "-e" "CARGO_INCREMENTAL=0" "-e" "RUST_BACKTRACE=full" "-e" "RUSTFLAGS=--cap-lints=forbid" "-e" "CARGO_HOME=/opt/rustwide/cargo-home" "-e" "RUSTUP_HOME=/opt/rustwide/rustup-home" "-w" "/opt/rustwide/workdir" "-m" "1610612736" "--user" "0:0" "--network" "none" "rustops/crates-build-env@sha256:a636fd89d022f18117e1dc8fb37a0a009933cdbbe082814857f0e2024962d47c" "/opt/rustwide/cargo-home/bin/cargo" "+cfbc6d4cf1acbac5c025acf8ed68929caa551df3" "check" "--frozen" "--all" "--all-targets" "--message-format=json", kill_on_drop: false }`
[INFO] [stdout] f9acb6f04a42056098bf8851e73deb5e0763f922951ec6a2a12e809791f1f08f
[INFO] [stderr] WARNING: Your kernel does not support swap limit capabilities or the cgroup is not mounted. Memory limited without swap.
[INFO] running `Command { std: "docker" "start" "-a" "f9acb6f04a42056098bf8851e73deb5e0763f922951ec6a2a12e809791f1f08f", kill_on_drop: false }`
[INFO] [stderr]    Compiling syn v0.15.44
[INFO] [stderr]    Compiling syn v1.0.38
[INFO] [stderr]    Compiling lazy_static v1.4.0
[INFO] [stderr]    Compiling serde_derive v1.0.115
[INFO] [stderr]    Compiling serde v1.0.115
[INFO] [stderr]     Checking copyless v0.1.5
[INFO] [stderr]     Checking either v1.6.0
[INFO] [stderr]    Compiling cfg-if v0.1.10
[INFO] [stderr]    Compiling proc-macro-hack v0.5.18
[INFO] [stderr]    Compiling encoding_rs v0.8.23
[INFO] [stderr]     Checking hashbrown v0.2.2
[INFO] [stderr]     Checking termcolor v1.1.0
[INFO] [stderr]    Compiling hashbrown v0.6.3
[INFO] [stderr]     Checking rand_core v0.3.1
[INFO] [stderr]     Checking actix-service v0.4.2
[INFO] [stderr]    Compiling num-traits v0.2.12
[INFO] [stderr]    Compiling num-integer v0.1.43
[INFO] [stderr]     Checking humantime v1.3.0
[INFO] [stderr]     Checking actix-service v0.3.6
[INFO] [stderr]     Checking proc-macro2 v0.4.30
[INFO] [stderr]    Compiling libc v0.2.76
[INFO] [stderr]     Checking log v0.4.11
[INFO] [stderr]     Checking idna v0.2.0
[INFO] [stderr]     Checking rand_hc v0.1.0
[INFO] [stderr]     Checking rand_isaac v0.1.1
[INFO] [stderr]     Checking rand_xorshift v0.1.1
[INFO] [stderr]    Compiling thread_local v1.0.1
[INFO] [stderr]     Checking socket2 v0.3.12
[INFO] [stderr]     Checking atty v0.2.14
[INFO] [stderr]     Checking rand_chacha v0.1.1
[INFO] [stderr]    Compiling aho-corasick v0.7.13
[INFO] [stderr]     Checking url v1.7.2
[INFO] [stderr]     Checking threadpool v1.8.1
[INFO] [stderr]     Checking mio v0.6.22
[INFO] [stderr]     Checking tokio-io v0.1.13
[INFO] [stderr]     Checking quote v0.6.13
[INFO] [stderr]     Checking rand v0.6.5
[INFO] [stderr]     Checking env_logger v0.6.2
[INFO] [stderr]     Checking url v2.1.1
[INFO] [stderr]    Compiling getrandom v0.1.14
[INFO] [stderr]     Checking tokio-codec v0.1.2
[INFO] [stderr]     Checking h2 v0.1.26
[INFO] [stderr]    Compiling const-random-macro v0.1.8
[INFO] [stderr]     Checking actix-codec v0.1.2
[INFO] [stderr]     Checking tokio-reactor v0.1.12
[INFO] [stderr]     Checking mio-uds v0.6.8
[INFO] [stderr]     Checking actix-utils v0.3.5
[INFO] [stderr]     Checking actix-utils v0.4.7
[INFO] [stderr]    Compiling regex v1.3.9
[INFO] [stderr]     Checking const-random v0.1.8
[INFO] [stderr]     Checking tokio-tcp v0.1.4
[INFO] [stderr]     Checking tokio-udp v0.1.6
[INFO] [stderr]     Checking tokio-signal v0.2.9
[INFO] [stderr]     Checking ahash v0.2.18
[INFO] [stderr]     Checking actix-server-config v0.1.2
[INFO] [stderr]     Checking chrono v0.4.15
[INFO] [stderr]     Checking actix-web-cute-codegen v0.1.0 (/opt/rustwide/workdir)
[INFO] [stderr]    Compiling synstructure v0.12.4
[INFO] [stderr]    Compiling derive_more v0.15.0
[INFO] [stderr]    Compiling enum-as-inner v0.2.1
[INFO] [stderr]    Compiling derive_more v0.14.1
[INFO] [stderr]    Compiling failure_derive v0.1.8
[INFO] [stderr]    Compiling actix-web-codegen v0.1.3
[INFO] [stderr]     Checking failure v0.1.8
[INFO] [stderr]     Checking trust-dns-proto v0.7.4
[INFO] [stderr]     Checking actix-threadpool v0.1.2
[INFO] [stderr]     Checking actix-rt v0.2.6
[INFO] [stderr]     Checking trust-dns-resolver v0.11.1
[INFO] [stderr]     Checking actix-server v0.6.1
[INFO] [stderr]     Checking actix-server v0.4.3
[INFO] [stderr]     Checking actix-testing v0.1.0
[INFO] [stderr]     Checking actix-connect v0.1.5
[INFO] [stderr]     Checking actix-connect v0.2.5
[INFO] [stderr]     Checking serde_json v1.0.57
[INFO] [stderr]     Checking serde_urlencoded v0.5.5
[INFO] [stderr]     Checking serde_urlencoded v0.6.1
[INFO] [stderr]     Checking actix-router v0.1.5
[INFO] [stderr]     Checking actix-http v0.2.11
[INFO] [stderr]     Checking actix-http v0.1.5
[INFO] [stderr]     Checking awc v0.1.1
[INFO] [stderr]     Checking awc v0.2.8
[INFO] [stderr]     Checking actix-http-test v0.1.1
[INFO] [stderr]     Checking actix-web v1.0.9
[INFO] [stdout] error[E0412]: cannot find type `ServiceConfig` in module `actix_web::dev`
[INFO] [stdout]   --> tests/test_route.rs:12:1
[INFO] [stdout]    |
[INFO] [stdout] 12 | #[get("/test")]
[INFO] [stdout]    | ^^^^^^^^^^^^^^^ not found in `actix_web::dev`
[INFO] [stdout]    |
[INFO] [stdout]    = note: this error originates in an attribute macro (in Nightly builds, run with -Z macro-backtrace for more info)
[INFO] [stdout] help: consider importing one of these items
[INFO] [stdout]    |
[INFO] [stdout] 1  | use actix_http::ServiceConfig;
[INFO] [stdout]    |
[INFO] [stdout] 1  | use actix_web::web::ServiceConfig;
[INFO] [stdout]    |
[INFO] [stdout] 
[INFO] [stdout] 
[INFO] [stdout] error[E0412]: cannot find type `ServiceConfig` in module `actix_web::dev`
[INFO] [stdout]   --> tests/test_route.rs:17:1
[INFO] [stdout]    |
[INFO] [stdout] 17 | #[get("/test", async)]
[INFO] [stdout]    | ^^^^^^^^^^^^^^^^^^^^^^ not found in `actix_web::dev`
[INFO] [stdout]    |
[INFO] [stdout]    = note: this error originates in an attribute macro (in Nightly builds, run with -Z macro-backtrace for more info)
[INFO] [stdout] help: consider importing one of these items
[INFO] [stdout]    |
[INFO] [stdout] 1  | use actix_http::ServiceConfig;
[INFO] [stdout]    |
[INFO] [stdout] 1  | use actix_web::web::ServiceConfig;
[INFO] [stdout]    |
[INFO] [stdout] 
[INFO] [stdout] 
[INFO] [stdout] error[E0412]: cannot find type `ServiceConfig` in module `actix_web::dev`
[INFO] [stdout]   --> tests/test_route.rs:22:1
[INFO] [stdout]    |
[INFO] [stdout] 22 | #[get("/test")]
[INFO] [stdout]    | ^^^^^^^^^^^^^^^ not found in `actix_web::dev`
[INFO] [stdout]    |
[INFO] [stdout]    = note: this error originates in an attribute macro (in Nightly builds, run with -Z macro-backtrace for more info)
[INFO] [stdout] help: consider importing one of these items
[INFO] [stdout]    |
[INFO] [stdout] 1  | use actix_http::ServiceConfig;
[INFO] [stdout]    |
[INFO] [stdout] 1  | use actix_web::web::ServiceConfig;
[INFO] [stdout]    |
[INFO] [stdout] 
[INFO] [stdout] 
[INFO] [stdout] error[E0412]: cannot find type `ServiceConfig` in module `actix_web::dev`
[INFO] [stdout]   --> tests/test_route.rs:27:1
[INFO] [stdout]    |
[INFO] [stdout] 27 | #[get("/test")]
[INFO] [stdout]    | ^^^^^^^^^^^^^^^ not found in `actix_web::dev`
[INFO] [stdout]    |
[INFO] [stdout]    = note: this error originates in an attribute macro (in Nightly builds, run with -Z macro-backtrace for more info)
[INFO] [stdout] help: consider importing one of these items
[INFO] [stdout]    |
[INFO] [stdout] 1  | use actix_http::ServiceConfig;
[INFO] [stdout]    |
[INFO] [stdout] 1  | use actix_web::web::ServiceConfig;
[INFO] [stdout]    |
[INFO] [stdout] 
[INFO] [stdout] 
[INFO] [stdout] error[E0412]: cannot find type `ServiceConfig` in module `actix_web::dev`
[INFO] [stdout]  --> tests/test_scope.rs:9:1
[INFO] [stdout]   |
[INFO] [stdout] 9 | #[get("/outer_test")]
[INFO] [stdout]   | ^^^^^^^^^^^^^^^^^^^^^ not found in `actix_web::dev`
[INFO] [stdout]   |
[INFO] [stdout]   = note: this error originates in an attribute macro (in Nightly builds, run with -Z macro-backtrace for more info)
[INFO] [stdout] help: consider importing one of these items
[INFO] [stdout]   |
[INFO] [stdout] 1 | use actix_http::ServiceConfig;
[INFO] [stdout]   |
[INFO] [stdout] 1 | use actix_web::web::ServiceConfig;
[INFO] [stdout]   |
[INFO] [stdout] 
[INFO] [stdout] 
[INFO] [stdout] error[E0412]: cannot find type `ServiceConfig` in module `actix_web::dev`
[INFO] [stdout]   --> tests/test_scope.rs:24:1
[INFO] [stdout]    |
[INFO] [stdout] 24 | #[scope("/scope", hook="outer_init_scope", handler="outer_test")]
[INFO] [stdout]    | ^^^^^^^^^^^^^^^^^^^^^^^^^^^^^^^^^^^^^^^^^^^^^^^^^^^^^^^^^^^^^^^^^ not found in `actix_web::dev`
[INFO] [stdout]    |
[INFO] [stdout]    = note: consider importing one of these items:
[INFO] [stdout]            actix_http::ServiceConfig
[INFO] [stdout]            actix_web::web::ServiceConfig
[INFO] [stdout]    = note: this error originates in an attribute macro (in Nightly builds, run with -Z macro-backtrace for more info)
[INFO] [stdout] 
[INFO] [stdout] 
[INFO] [stdout] error[E0412]: cannot find type `ServiceConfig` in module `actix_web::dev`
[INFO] [stdout]   --> tests/test_scope.rs:24:1
[INFO] [stdout]    |
[INFO] [stdout] 24 | #[scope("/scope", hook="outer_init_scope", handler="outer_test")]
[INFO] [stdout]    | ^^^^^^^^^^^^^^^^^^^^^^^^^^^^^^^^^^^^^^^^^^^^^^^^^^^^^^^^^^^^^^^^^ not found in `actix_web::dev`
[INFO] [stdout]    |
[INFO] [stdout]    = note: consider importing one of these items:
[INFO] [stdout]            actix_http::ServiceConfig
[INFO] [stdout]            actix_web::web::ServiceConfig
[INFO] [stdout]    = note: this error originates in an attribute macro (in Nightly builds, run with -Z macro-backtrace for more info)
[INFO] [stdout] 
[INFO] [stdout] 
[INFO] [stdout] error[E0412]: cannot find type `ServiceConfig` in module `actix_web::dev`
[INFO] [stdout]   --> tests/test_scope.rs:24:1
[INFO] [stdout]    |
[INFO] [stdout] 24 | #[scope("/scope", hook="outer_init_scope", handler="outer_test")]
[INFO] [stdout]    | ^^^^^^^^^^^^^^^^^^^^^^^^^^^^^^^^^^^^^^^^^^^^^^^^^^^^^^^^^^^^^^^^^ not found in `actix_web::dev`
[INFO] [stdout]    |
[INFO] [stdout]    = note: this error originates in an attribute macro (in Nightly builds, run with -Z macro-backtrace for more info)
[INFO] [stdout] help: consider importing one of these items
[INFO] [stdout]    |
[INFO] [stdout] 1  | use actix_http::ServiceConfig;
[INFO] [stdout]    |
[INFO] [stdout] 1  | use actix_web::web::ServiceConfig;
[INFO] [stdout]    |
[INFO] [stdout] 
[INFO] [stdout] 
[INFO] [stdout] error[E0107]: wrong number of type arguments: expected 0, found 1
[INFO] [stdout]  --> tests/test_scope.rs:9:1
[INFO] [stdout]   |
[INFO] [stdout] 9 | #[get("/outer_test")]
[INFO] [stdout]   | ^^^^^^^^^^^^^^^^^^^^^ unexpected type argument
[INFO] [stdout]   |
[INFO] [stdout]   = note: this error originates in an attribute macro (in Nightly builds, run with -Z macro-backtrace for more info)
[INFO] [stdout] 
[INFO] [stdout] 
[INFO] [stdout] error[E0107]: wrong number of type arguments: expected 0, found 1
[INFO] [stdout]   --> tests/test_route.rs:12:1
[INFO] [stdout]    |
[INFO] [stdout] 12 | #[get("/test")]
[INFO] [stdout]    | ^^^^^^^^^^^^^^^ unexpected type argument
[INFO] [stdout]    |
[INFO] [stdout]    = note: this error originates in an attribute macro (in Nightly builds, run with -Z macro-backtrace for more info)
[INFO] [stdout] 
[INFO] [stdout] 
[INFO] [stdout] error[E0107]: wrong number of type arguments: expected 0, found 1
[INFO] [stdout]   --> tests/test_route.rs:17:1
[INFO] [stdout]    |
[INFO] [stdout] 17 | #[get("/test", async)]
[INFO] [stdout]    | ^^^^^^^^^^^^^^^^^^^^^^ unexpected type argument
[INFO] [stdout]    |
[INFO] [stdout]    = note: this error originates in an attribute macro (in Nightly builds, run with -Z macro-backtrace for more info)
[INFO] [stdout] 
[INFO] [stdout] 
[INFO] [stdout] error[E0107]: wrong number of type arguments: expected 0, found 1
[INFO] [stdout]   --> tests/test_route.rs:22:1
[INFO] [stdout]    |
[INFO] [stdout] 22 | #[get("/test")]
[INFO] [stdout]    | ^^^^^^^^^^^^^^^ unexpected type argument
[INFO] [stdout]    |
[INFO] [stdout]    = note: this error originates in an attribute macro (in Nightly builds, run with -Z macro-backtrace for more info)
[INFO] [stdout] 
[INFO] [stdout] 
[INFO] [stdout] error[E0107]: wrong number of type arguments: expected 0, found 1
[INFO] [stdout]   --> tests/test_route.rs:27:1
[INFO] [stdout]    |
[INFO] [stdout] 27 | #[get("/test")]
[INFO] [stdout]    | ^^^^^^^^^^^^^^^ unexpected type argument
[INFO] [stdout]    |
[INFO] [stdout]    = note: this error originates in an attribute macro (in Nightly builds, run with -Z macro-backtrace for more info)
[INFO] [stdout] 
[INFO] [stdout] 
[INFO] [stdout] error[E0207]: the type parameter `P` is not constrained by the impl trait, self type, or predicates
[INFO] [stdout]   --> tests/test_route.rs:12:1
[INFO] [stdout]    |
[INFO] [stdout] 12 | #[get("/test")]
[INFO] [stdout]    | ^^^^^^^^^^^^^^^ unconstrained type parameter
[INFO] [stdout]    |
[INFO] [stdout]    = note: this error originates in an attribute macro (in Nightly builds, run with -Z macro-backtrace for more info)
[INFO] [stdout] 
[INFO] [stdout] 
[INFO] [stdout] error[E0207]: the type parameter `P` is not constrained by the impl trait, self type, or predicates
[INFO] [stdout]   --> tests/test_route.rs:17:1
[INFO] [stdout]    |
[INFO] [stdout] 17 | #[get("/test", async)]
[INFO] [stdout]    | ^^^^^^^^^^^^^^^^^^^^^^ unconstrained type parameter
[INFO] [stdout]    |
[INFO] [stdout]    = note: this error originates in an attribute macro (in Nightly builds, run with -Z macro-backtrace for more info)
[INFO] [stdout] 
[INFO] [stdout] 
[INFO] [stdout] error[E0207]: the type parameter `P` is not constrained by the impl trait, self type, or predicates
[INFO] [stdout]   --> tests/test_route.rs:22:1
[INFO] [stdout]    |
[INFO] [stdout] 22 | #[get("/test")]
[INFO] [stdout]    | ^^^^^^^^^^^^^^^ unconstrained type parameter
[INFO] [stdout]    |
[INFO] [stdout]    = note: this error originates in an attribute macro (in Nightly builds, run with -Z macro-backtrace for more info)
[INFO] [stdout] 
[INFO] [stdout] 
[INFO] [stdout] error[E0207]: the type parameter `P` is not constrained by the impl trait, self type, or predicates
[INFO] [stdout]   --> tests/test_route.rs:27:1
[INFO] [stdout]    |
[INFO] [stdout] 27 | #[get("/test")]
[INFO] [stdout]    | ^^^^^^^^^^^^^^^ unconstrained type parameter
[INFO] [stdout]    |
[INFO] [stdout]    = note: this error originates in an attribute macro (in Nightly builds, run with -Z macro-backtrace for more info)
[INFO] [stdout] 
[INFO] [stdout] 
[INFO] [stdout] error: aborting due to 12 previous errors
[INFO] [stdout] 
[INFO] [stdout] 
[INFO] [stdout] Some errors have detailed explanations: E0107, E0207, E0412.
[INFO] [stdout] 
[INFO] [stdout] For more information about an error, try `rustc --explain E0107`.
[INFO] [stdout] 
[INFO] [stdout] error[E0107]: wrong number of type arguments: expected 0, found 1
[INFO] [stdout]   --> tests/test_scope.rs:24:1
[INFO] [stdout]    |
[INFO] [stdout] 24 | #[scope("/scope", hook="outer_init_scope", handler="outer_test")]
[INFO] [stdout]    | ^^^^^^^^^^^^^^^^^^^^^^^^^^^^^^^^^^^^^^^^^^^^^^^^^^^^^^^^^^^^^^^^^ unexpected type argument
[INFO] [stdout]    |
[INFO] [stdout]    = note: this error originates in an attribute macro (in Nightly builds, run with -Z macro-backtrace for more info)
[INFO] [stdout] 
[INFO] [stdout] 
[INFO] [stdout] error[E0107]: wrong number of type arguments: expected 0, found 1
[INFO] [stdout]   --> tests/test_scope.rs:24:1
[INFO] [stdout]    |
[INFO] [stdout] 24 | #[scope("/scope", hook="outer_init_scope", handler="outer_test")]
[INFO] [stdout]    | ^^^^^^^^^^^^^^^^^^^^^^^^^^^^^^^^^^^^^^^^^^^^^^^^^^^^^^^^^^^^^^^^^ unexpected type argument
[INFO] [stdout]    |
[INFO] [stdout]    = note: this error originates in an attribute macro (in Nightly builds, run with -Z macro-backtrace for more info)
[INFO] [stdout] 
[INFO] [stdout] 
[INFO] [stdout] error[E0107]: wrong number of type arguments: expected 0, found 1
[INFO] [stdout]   --> tests/test_scope.rs:24:1
[INFO] [stdout]    |
[INFO] [stdout] 24 | #[scope("/scope", hook="outer_init_scope", handler="outer_test")]
[INFO] [stdout]    | ^^^^^^^^^^^^^^^^^^^^^^^^^^^^^^^^^^^^^^^^^^^^^^^^^^^^^^^^^^^^^^^^^ unexpected type argument
[INFO] [stdout]    |
[INFO] [stdout]    = note: this error originates in an attribute macro (in Nightly builds, run with -Z macro-backtrace for more info)
[INFO] [stdout] 
[INFO] [stdout] 
[INFO] [stdout] error[E0207]: the type parameter `P` is not constrained by the impl trait, self type, or predicates
[INFO] [stdout]  --> tests/test_scope.rs:9:1
[INFO] [stdout]   |
[INFO] [stdout] 9 | #[get("/outer_test")]
[INFO] [stdout]   | ^^^^^^^^^^^^^^^^^^^^^ unconstrained type parameter
[INFO] [stdout]   |
[INFO] [stdout]   = note: this error originates in an attribute macro (in Nightly builds, run with -Z macro-backtrace for more info)
[INFO] [stdout] 
[INFO] [stdout] 
[INFO] [stdout] error[E0207]: the type parameter `P` is not constrained by the impl trait, self type, or predicates
[INFO] [stdout]   --> tests/test_scope.rs:24:1
[INFO] [stdout]    |
[INFO] [stdout] 24 | #[scope("/scope", hook="outer_init_scope", handler="outer_test")]
[INFO] [stdout]    | ^^^^^^^^^^^^^^^^^^^^^^^^^^^^^^^^^^^^^^^^^^^^^^^^^^^^^^^^^^^^^^^^^ unconstrained type parameter
[INFO] [stdout]    |
[INFO] [stdout]    = note: this error originates in an attribute macro (in Nightly builds, run with -Z macro-backtrace for more info)
[INFO] [stdout] 
[INFO] [stdout] 
[INFO] [stdout] error[E0207]: the type parameter `P` is not constrained by the impl trait, self type, or predicates
[INFO] [stdout]   --> tests/test_scope.rs:24:1
[INFO] [stdout]    |
[INFO] [stdout] 24 | #[scope("/scope", hook="outer_init_scope", handler="outer_test")]
[INFO] [stdout]    | ^^^^^^^^^^^^^^^^^^^^^^^^^^^^^^^^^^^^^^^^^^^^^^^^^^^^^^^^^^^^^^^^^ unconstrained type parameter
[INFO] [stdout]    |
[INFO] [stdout]    = note: this error originates in an attribute macro (in Nightly builds, run with -Z macro-backtrace for more info)
[INFO] [stdout] 
[INFO] [stdout] 
[INFO] [stdout] error[E0207]: the type parameter `P` is not constrained by the impl trait, self type, or predicates
[INFO] [stdout]   --> tests/test_scope.rs:24:1
[INFO] [stdout]    |
[INFO] [stdout] 24 | #[scope("/scope", hook="outer_init_scope", handler="outer_test")]
[INFO] [stdout]    | ^^^^^^^^^^^^^^^^^^^^^^^^^^^^^^^^^^^^^^^^^^^^^^^^^^^^^^^^^^^^^^^^^ unconstrained type parameter
[INFO] [stdout]    |
[INFO] [stdout]    = note: this error originates in an attribute macro (in Nightly builds, run with -Z macro-backtrace for more info)
[INFO] [stdout] 
[INFO] [stdout] 
[INFO] [stdout] error: aborting due to 12 previous errors
[INFO] [stdout] 
[INFO] [stdout] 
[INFO] [stdout] Some errors have detailed explanations: E0107, E0207, E0412.
[INFO] [stdout] 
[INFO] [stdout] For more information about an error, try `rustc --explain E0107`.
[INFO] [stdout] 
[INFO] [stderr] error: could not compile `actix-web-cute-codegen`.
[INFO] [stderr] 
[INFO] [stderr] To learn more, run the command again with --verbose.
[INFO] [stderr] warning: build failed, waiting for other jobs to finish...
[INFO] [stdout] error[E0412]: cannot find type `ServiceConfig` in module `actix_web::dev`
[INFO] [stdout]   --> tests/test_derive_scope.rs:13:1
[INFO] [stdout]    |
[INFO] [stdout] 13 | #[get("/test")]
[INFO] [stdout]    | ^^^^^^^^^^^^^^^ not found in `actix_web::dev`
[INFO] [stdout]    |
[INFO] [stdout]    = note: this error originates in an attribute macro (in Nightly builds, run with -Z macro-backtrace for more info)
[INFO] [stdout] help: consider importing one of these items
[INFO] [stdout]    |
[INFO] [stdout] 1  | use actix_http::ServiceConfig;
[INFO] [stdout]    |
[INFO] [stdout] 1  | use actix_web::web::ServiceConfig;
[INFO] [stdout]    |
[INFO] [stdout] 
[INFO] [stdout] 
[INFO] [stdout] error[E0412]: cannot find type `ServiceConfig` in module `actix_web::dev`
[INFO] [stdout]   --> tests/test_derive_scope.rs:27:1
[INFO] [stdout]    |
[INFO] [stdout] 27 | #[scope]
[INFO] [stdout]    | ^^^^^^^^ not found in `actix_web::dev`
[INFO] [stdout]    |
[INFO] [stdout]    = note: this error originates in an attribute macro (in Nightly builds, run with -Z macro-backtrace for more info)
[INFO] [stdout] help: consider importing one of these items
[INFO] [stdout]    |
[INFO] [stdout] 1  | use actix_http::ServiceConfig;
[INFO] [stdout]    |
[INFO] [stdout] 1  | use actix_web::web::ServiceConfig;
[INFO] [stdout]    |
[INFO] [stdout] 
[INFO] [stdout] 
[INFO] [stdout] error[E0659]: `path` is ambiguous (built-in attribute vs any other name)
[INFO] [stdout]   --> tests/test_derive_scope.rs:19:3
[INFO] [stdout]    |
[INFO] [stdout] 19 | #[path="/my_scope"]
[INFO] [stdout]    |   ^^^^ ambiguous name
[INFO] [stdout]    |
[INFO] [stdout]    = note: `path` could refer to a built-in attribute
[INFO] [stdout] note: `path` could also refer to the derive helper attribute defined here
[INFO] [stdout]   --> tests/test_derive_scope.rs:18:10
[INFO] [stdout]    |
[INFO] [stdout] 18 | #[derive(Scope)]
[INFO] [stdout]    |          ^^^^^
[INFO] [stdout] 
[INFO] [stdout] 
[INFO] [stdout] error[E0107]: wrong number of type arguments: expected 0, found 1
[INFO] [stdout]   --> tests/test_derive_scope.rs:13:1
[INFO] [stdout]    |
[INFO] [stdout] 13 | #[get("/test")]
[INFO] [stdout]    | ^^^^^^^^^^^^^^^ unexpected type argument
[INFO] [stdout]    |
[INFO] [stdout]    = note: this error originates in an attribute macro (in Nightly builds, run with -Z macro-backtrace for more info)
[INFO] [stdout] 
[INFO] [stdout] 
[INFO] [stdout] error[E0107]: wrong number of type arguments: expected 0, found 1
[INFO] [stdout]   --> tests/test_derive_scope.rs:27:1
[INFO] [stdout]    |
[INFO] [stdout] 27 | #[scope]
[INFO] [stdout]    | ^^^^^^^^ unexpected type argument
[INFO] [stdout]    |
[INFO] [stdout]    = note: this error originates in an attribute macro (in Nightly builds, run with -Z macro-backtrace for more info)
[INFO] [stdout] 
[INFO] [stdout] 
[INFO] [stdout] error[E0207]: the type parameter `P` is not constrained by the impl trait, self type, or predicates
[INFO] [stdout]   --> tests/test_derive_scope.rs:13:1
[INFO] [stdout]    |
[INFO] [stdout] 13 | #[get("/test")]
[INFO] [stdout]    | ^^^^^^^^^^^^^^^ unconstrained type parameter
[INFO] [stdout]    |
[INFO] [stdout]    = note: this error originates in an attribute macro (in Nightly builds, run with -Z macro-backtrace for more info)
[INFO] [stdout] 
[INFO] [stdout] 
[INFO] [stdout] error[E0207]: the type parameter `P` is not constrained by the impl trait, self type, or predicates
[INFO] [stdout]   --> tests/test_derive_scope.rs:27:1
[INFO] [stdout]    |
[INFO] [stdout] 27 | #[scope]
[INFO] [stdout]    | ^^^^^^^^ unconstrained type parameter
[INFO] [stdout]    |
[INFO] [stdout]    = note: this error originates in an attribute macro (in Nightly builds, run with -Z macro-backtrace for more info)
[INFO] [stdout] 
[INFO] [stdout] 
[INFO] [stdout] error: aborting due to 7 previous errors
[INFO] [stdout] 
[INFO] [stdout] 
[INFO] [stdout] Some errors have detailed explanations: E0107, E0207, E0412, E0659.
[INFO] [stdout] 
[INFO] [stdout] For more information about an error, try `rustc --explain E0107`.
[INFO] [stdout] 
[INFO] [stderr] error: build failed
[INFO] running `Command { std: "docker" "inspect" "f9acb6f04a42056098bf8851e73deb5e0763f922951ec6a2a12e809791f1f08f", kill_on_drop: false }`
[INFO] running `Command { std: "docker" "rm" "-f" "f9acb6f04a42056098bf8851e73deb5e0763f922951ec6a2a12e809791f1f08f", kill_on_drop: false }`
[INFO] [stdout] f9acb6f04a42056098bf8851e73deb5e0763f922951ec6a2a12e809791f1f08f
